of 7026?
False
Is 1248 a multiple of 32?
True
Is 8 a factor of 796?
False
Does 3 divide 10787?
False
Is 13 a multiple of 3?
False
Is 19 a factor of 4252?
False
Is 58 a factor of 290?
True
Does 266 divide 37506?
True
Is 95 a factor of 20995?
True
Does 8 divide 24232?
True
Is 16 a factor of 1333?
False
Is 76 a factor of 69000?
False
Is 15 a factor of 1196?
False
Does 20 divide 1184?
False
Is 93 a factor of 2366?
False
Does 7 divide 193?
False
Is 7866 a multiple of 22?
False
Is 208 a multiple of 8?
True
Is 136 a factor of 8173?
False
Does 3 divide 3567?
True
Is 5044 a multiple of 38?
False
Does 8 divide 824?
True
Is 7 a factor of 39681?
False
Is 1134 a multiple of 7?
True
Does 16 divide 438?
False
Is 17 a factor of 28002?
False
Does 39 divide 2692?
False
Is 71 a factor of 1383?
False
Does 13 divide 3814?
False
Is 2 a factor of 6?
True
Is 249 a multiple of 4?
False
Is 51 a factor of 18581?
False
Does 39 divide 1794?
True
Is 9 a factor of 405?
True
Is 114103 a multiple of 23?
True
Does 29 divide 486?
False
Is 1055 a multiple of 90?
False
Is 39 a factor of 38961?
True
Is 1018 a multiple of 5?
False
Is 12 a factor of 408?
True
Is 12 a factor of 2641?
False
Is 3460 a multiple of 32?
False
Is 3 a factor of 108?
True
Is 4866 even?
True
Does 12 divide 50712?
True
Is 702 a multiple of 31?
False
Does 32 divide 1056?
True
Is 56 a factor of 921?
False
Is 1583 even?
False
Does 25 divide 400?
True
Does 43 divide 249?
False
Does 10 divide 4120?
True
Is 40 a factor of 156844?
False
Is 169 a factor of 75546?
False
Is 564 a factor of 104340?
True
Is 1290 a multiple of 24?
False
Is 734 even?
True
Is 2156 a multiple of 44?
True
Is 41 a multiple of 3?
False
Is 17 a factor of 13039?
True
Does 34 divide 195?
False
Is 95 a factor of 39615?
True
Is 60 a factor of 589?
False
Is 7 a factor of 31262?
True
Is 58 a factor of 13757?
False
Is 55 a factor of 32560?
True
Does 9 divide 527?
False
Is 10556 a multiple of 17?
False
Is 7182 a multiple of 42?
True
Does 6 divide 1176?
True
Is 2 a factor of 10089?
False
Does 220 divide 84260?
True
Does 4 divide 47?
False
Is 110 a factor of 16163?
False
Is 25 a factor of 4679?
False
Is 15 a factor of 10757?
False
Is 1359 a multiple of 32?
False
Does 3 divide 136?
False
Does 30 divide 270?
True
Does 11 divide 20174?
True
Does 21 divide 629?
False
Is 22 a factor of 1563?
False
Is 110 a factor of 142670?
True
Is 13 a factor of 2418?
True
Does 5 divide 859?
False
Is 32 a factor of 1568?
True
Does 45 divide 387?
False
Is 117 a multiple of 6?
False
Is 989 a multiple of 14?
False
Is 116 a factor of 3244?
False
Is 37 a factor of 1389?
False
Is 62 a factor of 18205?
False
Does 7 divide 51688?
True
Is 10 a factor of 4612?
False
Does 28 divide 2128?
True
Is 15 a factor of 13845?
True
Is 968 a multiple of 4?
True
Is 12 a factor of 204?
True
Does 80 divide 26520?
False
Is 206 a multiple of 12?
False
Is 30 a factor of 574?
False
Is 17 a factor of 304?
False
Is 1265 a multiple of 115?
True
Is 23 a factor of 1242?
True
Is 12 a factor of 18039?
False
Is 12 a factor of 1986?
False
Does 42 divide 8581?
False
Does 18 divide 20773?
False
Is 1326 a multiple of 13?
True
Does 115 divide 70576?
False
Is 1332 a multiple of 244?
False
Is 344 a multiple of 6?
False
Does 59 divide 603?
False
Does 49 divide 8820?
True
Is 13 a factor of 2407?
False
Is 284 a multiple of 71?
True
Is 2268 a multiple of 14?
True
Is 28 a factor of 14383?
False
Does 266 divide 65968?
True
Is 493 a multiple of 44?
False
Is 2751 a multiple of 7?
True
Is 1320 a multiple of 2?
True
Is 188 a factor of 26299?
False
Is 6 a factor of 597?
False
Is 276 a factor of 110952?
True
Is 76555 a multiple of 358?
False
Does 8 divide 440?
True
Is 3 a factor of 387?
True
Does 30 divide 240?
True
Is 160 a multiple of 16?
True
Is 13 a factor of 676?
True
Is 15 a factor of 750?
True
Is 36 a factor of 18949?
False
Is 5 a multiple of 5?
True
Is 64 a factor of 1282?
False
Is 15 a factor of 807?
False
Is 5 a factor of 12634?
False
Is 21 a factor of 53487?
True
Is 24390 a multiple of 62?
False
Is 676 a multiple of 10?
False
Is 85 a factor of 1871?
False
Is 884 a multiple of 19?
False
Is 18 a factor of 31?
False
Is 21 a factor of 819?
True
Is 41 a factor of 24108?
True
Is 7 a factor of 1432?
False
Does 4 divide 699?
False
Does 96 divide 1920?
True
Is 54 a multiple of 27?
True
Is 4601 a multiple of 8?
False
Does 42 divide 77574?
True
Does 27 divide 357?
False
Is 25 a factor of 10368?
False
Is 105 a factor of 15112?
False
Is 7 a factor of 6612?
False
Is 150 a factor of 12212?
False
Is 1518 a multiple of 36?
False
Is 40039 a multiple of 195?
False
Does 28 divide 784?
True
Is 17873 a multiple of 9?
False
Is 10 a factor of 1710?
True
Is 445 a multiple of 11?
False
Is 3906 a multiple of 31?
True
Is 11 a factor of 1208?
False
Is 44 a factor of 32801?
False
Is 101619 a multiple of 26?
False
Does 35 divide 1260?
True
Is 11052 a multiple of 6?
True
Is 124 a multiple of 4?
True
Does 19 divide 551?
True
Is 2 a factor of 208?
True
Is 2263 a multiple of 73?
True
Does 20 divide 10777?
False
Is 13 a factor of 6123?
True
Is 5 a factor of 24241?
False
Is 8 a factor of 1256?
True
Is 529 a multiple of 23?
True
Is 11803 a multiple of 29?
True
Is 288 a multiple of 6?
True
Is 49 a factor of 1433?
False
Does 16 divide 832?
True
Is 1122 a multiple of 6?
True
Is 9060 a multiple of 30?
True
Is 37804 a multiple of 52?
True
Is 49 a factor of 2107?
True
Is 4109 a multiple of 41?
False
Is 1135 a multiple of 75?
False
Is 7 a factor of 952?
True
Does 14 divide 43?
False
Is 35 a factor of 17535?
True
Is 70 a factor of 22592?
False
Is 14603 a multiple of 17?
True
Is 87 a factor of 435?
True
Does 20 divide 34888?
False
Is 3850 a multiple of 154?
True
Is 6 a factor of 9866?
False
Is 6 a factor of 3660?
True
Is 29 a factor of 146?
False
Is 19 a factor of 163666?
True
Is 4 a factor of 2688?
True
Is 45 a factor of 2205?
True
Is 64 a multiple of 2?
True
Is 15 a factor of 535?
False
Does 171 divide 24111?
True
Is 15 a factor of 28200?
True
Is 503 a multiple of 36?
False
Is 5269 a multiple of 11?
True
Is 58245 a multiple of 55?
True
Is 5770 a multiple of 37?
False
Does 30 divide 3275?
False
Is 79 a factor of 3689?
False
Is 12 a factor of 792?
True
Does 17 divide 292?
False
Does 27 divide 15687?
True
Is 39 a factor of 546?
True
Does 63 divide 903?
False
Is 17 a factor of 2567?
True
Is 119 a factor of 16434?
False
Is 4724 a multiple of 26?
False
Is 12 a factor of 3360?
True
Does 75 divide 1102?
False
Is 2344 a multiple of 81?
False
Is 155 a factor of 19840?
True
Does 33 divide 2871?
True
Is 406 a multiple of 17?
False
Does 2 divide 1327?
False
Is 406 a factor of 47202?
False
Does 18 divide 1709?
False
Is 44 a factor of 19448?
True
Is 39 a factor of 28782?
True
Is 7 a factor of 2950?
False
Is 767 a multiple of 13?
True
Does 3 divide 180?
True
Is 66 a multiple of 49?
False
Is 2740 a multiple of 22?
False
Does 8 divide 9267?
False
Is 64 a multiple of 8?
True
Is 725 a multiple of 25?
True
Does 28 divide 175?
False
Is 5480 a multiple of 137?
True
Does 29 divide 13050?
True
Does 59 divide 15237?
False
Is 805 a multiple of 23?
True
Is 12231 a multiple of 151?
True
Does 38 divide 272?
False
Is 60 a factor of 120?
True
Is 53 a factor of 203?
False
Is 770 a multiple of 22?
True
Does 6 divide 14984?
False
Is 405 a multiple of 9?
True
Is 10 a factor of 2230?
True
Does 51 divide 773?
False
Does 12 divide 11215?
False
Is 24 a factor of 5862?
False
Is 63 a factor of 7119?
True
Does 70 divide 3850?
True
Is 564 a multiple of 19?
False
Is 4599 a multiple of 9?
True
Is 61 a factor of 25978?
False
Is 12 a factor of 1833?
False
Does 3 divide 296?
False
Is 94 a factor of 1222?
True
Is 168 a factor of 6710?
False
Is 10 a factor of 2266?
False
Does 81 divide 770?
False
Is 4 a factor of 16?
True
Does 33 divide 485?
False
Is 12 a factor of 4188?
True
Does 49 divide 4958?
False
Does 3 divide 53?
False
Is 8580 a multiple of 52?
True
Is 5392 even?
True
Is 40 a multiple of 2?
True
Is 121325 a multiple of 103?
False
Does 114 divide 17439?
False
Is 12 a factor of 48?
True
Does 14 divide 32816?
True
Is 60 a multiple of 5?
True
Does 17 divide 1870?
True
Is 13 a factor of 11720?
False
Is 5560 a multiple of 20?
True
Does 126 divide 378?
True
Is 19 a factor of 7043?
False
Is 44685 a multiple of 